[INFO] fetching crate imgui-gfx-hal 0.1.2...
[INFO] checking imgui-gfx-hal-0.1.2 against master#cfbc6d4cf1acbac5c025acf8ed68929caa551df3 for pr-75494-beta
[INFO] extracting crate imgui-gfx-hal 0.1.2 into /workspace/builds/worker-1/source
[INFO] validating manifest of crates.io crate imgui-gfx-hal 0.1.2 on toolchain cfbc6d4cf1acbac5c025acf8ed68929caa551df3
[INFO] running `Command { std: "/workspace/cargo-home/bin/cargo" "+cfbc6d4cf1acbac5c025acf8ed68929caa551df3" "read-manifest" "--manifest-path" "Cargo.toml", kill_on_drop: false }`
[INFO] started tweaking crates.io crate imgui-gfx-hal 0.1.2
[INFO] finished tweaking crates.io crate imgui-gfx-hal 0.1.2
[INFO] tweaked toml for crates.io crate imgui-gfx-hal 0.1.2 written to /workspace/builds/worker-1/source/Cargo.toml
[INFO] running `Command { std: "/workspace/cargo-home/bin/cargo" "+cfbc6d4cf1acbac5c025acf8ed68929caa551df3" "generate-lockfile" "--manifest-path" "Cargo.toml" "-Zno-index-update", kill_on_drop: false }`
[INFO] running `Command { std: "/workspace/cargo-home/bin/cargo" "+cfbc6d4cf1acbac5c025acf8ed68929caa551df3" "fetch" "--locked" "--manifest-path" "Cargo.toml", kill_on_drop: false }`
[INFO] [stderr]  Downloading crates ...
[INFO] [stderr]   Downloaded gfx-backend-vulkan v0.1.0
[INFO] [stderr]   Downloaded ash v0.24.4
[INFO] [stderr]   Downloaded gfx-hal v0.1.0
[INFO] [stderr]   Downloaded imgui v0.0.23
[INFO] [stderr]   Downloaded imgui-sys v0.0.23
[INFO] running `Command { std: "docker" "create" "-v" "/var/lib/crater-agent-workspace/builds/worker-1/target:/opt/rustwide/target:rw,Z" "-v" "/var/lib/crater-agent-workspace/builds/worker-1/source:/opt/rustwide/workdir:ro,Z" "-v" "/var/lib/crater-agent-workspace/cargo-home:/opt/rustwide/cargo-home:ro,Z" "-v" "/var/lib/crater-agent-workspace/rustup-home:/opt/rustwide/rustup-home:ro,Z" "-e" "SOURCE_DIR=/opt/rustwide/workdir" "-e" "CARGO_TARGET_DIR=/opt/rustwide/target" "-e" "CARGO_HOME=/opt/rustwide/cargo-home" "-e" "RUSTUP_HOME=/opt/rustwide/rustup-home" "-w" "/opt/rustwide/workdir" "-m" "1610612736" "--user" "0:0" "--network" "none" "rustops/crates-build-env@sha256:a636fd89d022f18117e1dc8fb37a0a009933cdbbe082814857f0e2024962d47c" "/opt/rustwide/cargo-home/bin/cargo" "+cfbc6d4cf1acbac5c025acf8ed68929caa551df3" "metadata" "--no-deps" "--format-version=1", kill_on_drop: false }`
[INFO] [stdout] c4802b934448da769eaf98f285a67ca01859e340e8213a4eacca7b3494ef83cf
[INFO] [stderr] WARNING: Your kernel does not support swap limit capabilities or the cgroup is not mounted. Memory limited without swap.
[INFO] running `Command { std: "docker" "start" "-a" "c4802b934448da769eaf98f285a67ca01859e340e8213a4eacca7b3494ef83cf", kill_on_drop: false }`
[INFO] running `Command { std: "docker" "inspect" "c4802b934448da769eaf98f285a67ca01859e340e8213a4eacca7b3494ef83cf", kill_on_drop: false }`
[INFO] running `Command { std: "docker" "rm" "-f" "c4802b934448da769eaf98f285a67ca01859e340e8213a4eacca7b3494ef83cf", kill_on_drop: false }`
[INFO] [stdout] c4802b934448da769eaf98f285a67ca01859e340e8213a4eacca7b3494ef83cf
[INFO] running `Command { std: "docker" "create" "-v" "/var/lib/crater-agent-workspace/builds/worker-1/target:/opt/rustwide/target:rw,Z" "-v" "/var/lib/crater-agent-workspace/builds/worker-1/source:/opt/rustwide/workdir:ro,Z" "-v" "/var/lib/crater-agent-workspace/cargo-home:/opt/rustwide/cargo-home:ro,Z" "-v" "/var/lib/crater-agent-workspace/rustup-home:/opt/rustwide/rustup-home:ro,Z" "-e" "SOURCE_DIR=/opt/rustwide/workdir" "-e" "CARGO_TARGET_DIR=/opt/rustwide/target" "-e" "CARGO_INCREMENTAL=0" "-e" "RUST_BACKTRACE=full" "-e" "RUSTFLAGS=--cap-lints=forbid" "-e" "CARGO_HOME=/opt/rustwide/cargo-home" "-e" "RUSTUP_HOME=/opt/rustwide/rustup-home" "-w" "/opt/rustwide/workdir" "-m" "1610612736" "--user" "0:0" "--network" "none" "rustops/crates-build-env@sha256:a636fd89d022f18117e1dc8fb37a0a009933cdbbe082814857f0e2024962d47c" "/opt/rustwide/cargo-home/bin/cargo" "+cfbc6d4cf1acbac5c025acf8ed68929caa551df3" "check" "--frozen" "--all" "--all-targets" "--message-format=json", kill_on_drop: false }`
[INFO] [stdout] 61141e3f913fbe90c1527ddc46d9eb49f18df5b8bac39d0523bc4f73b55bb0dd
[INFO] [stderr] WARNING: Your kernel does not support swap limit capabilities or the cgroup is not mounted. Memory limited without swap.
[INFO] running `Command { std: "docker" "start" "-a" "61141e3f913fbe90c1527ddc46d9eb49f18df5b8bac39d0523bc4f73b55bb0dd", kill_on_drop: false }`
[INFO] [stderr]    Compiling autocfg v0.1.7
[INFO] [stderr]     Checking rand_core v0.4.2
[INFO] [stderr]     Checking stable_deref_trait v1.2.0
[INFO] [stderr]     Checking scopeguard v0.3.3
[INFO] [stderr]     Checking percent-encoding v1.0.1
[INFO] [stderr]     Checking memoffset v0.2.1
[INFO] [stderr]    Compiling libc v0.2.76
[INFO] [stderr]    Compiling imgui-sys v0.0.23
[INFO] [stderr]    Compiling parking_lot_core v0.4.0
[INFO] [stderr]     Checking memmap v0.7.0
[INFO] [stderr]     Checking shared_library v0.1.9
[INFO] [stderr]     Checking atty v0.2.14
[INFO] [stderr]     Checking smallvec v0.6.13
[INFO] [stderr]     Checking nix v0.14.1
[INFO] [stderr]     Checking x11-dl v2.18.5
[INFO] [stderr]     Checking x11 v2.18.2
[INFO] [stderr]     Checking owning_ref v0.4.1
[INFO] [stderr]    Compiling wayland-scanner v0.21.13
[INFO] [stderr]     Checking wayland-sys v0.21.13
[INFO] [stderr]     Checking approx v0.3.2
[INFO] [stderr]     Checking ordered-float v1.1.0
[INFO] [stderr]     Checking line_drawing v0.7.0
[INFO] [stderr]     Checking env_logger v0.6.2
[INFO] [stderr]     Checking lock_api v0.1.5
[INFO] [stderr]     Checking ash v0.24.4
[INFO] [stderr]     Checking rand_core v0.3.1
[INFO] [stderr]     Checking rand_jitter v0.1.4
[INFO] [stderr]     Checking rand_os v0.1.3
[INFO] [stderr]     Checking rand_hc v0.1.0
[INFO] [stderr]     Checking rand_xorshift v0.1.1
[INFO] [stderr]     Checking rand_isaac v0.1.1
[INFO] [stderr]     Checking rusttype v0.8.3
[INFO] [stderr]     Checking failure v0.1.8
[INFO] [stderr]    Compiling rand_pcg v0.1.2
[INFO] [stderr]    Compiling rand_chacha v0.1.1
[INFO] [stderr]    Compiling rand v0.6.5
[INFO] [stderr]     Checking rusttype v0.7.9
[INFO] [stderr]     Checking gfx-hal v0.1.0
[INFO] [stderr]     Checking andrew v0.2.1
[INFO] [stderr]    Compiling xcb v0.8.2
[INFO] [stderr] error: failed to run custom build command for `xcb v0.8.2`
[INFO] [stderr] 
[INFO] [stderr] Caused by:
[INFO] [stderr]   process didn't exit successfully: `/opt/rustwide/target/debug/build/xcb-c497ca01ec09fba0/build-script-build` (exit code: 101)
[INFO] [stderr]   --- stderr
[INFO] [stderr]   error occured in handler:  ('request: ', ('xcb', 'Composite', 'ReleaseOverlayWindow'))
[INFO] [stderr]   Traceback (most recent call last):
[INFO] [stderr]     File "/opt/rustwide/cargo-home/registry/src/github.com-1ecc6299db9ec823/xcb-0.8.2/rs_client.py", line 2448, in <module>
[INFO] [stderr]       module.generate()
[INFO] [stderr]     File "/opt/rustwide/cargo-home/registry/src/github.com-1ecc6299db9ec823/xcb-0.8.2/xcbgen/state.py", line 108, in generate
[INFO] [stderr]       self.close()
[INFO] [stderr]     File "/opt/rustwide/cargo-home/registry/src/github.com-1ecc6299db9ec823/xcb-0.8.2/rs_client.py", line 296, in rs_close
[INFO] [stderr]       _f.writeout(os.path.join(module.rs_srcdir, "ffi", "%s.rs" % _module_name(_ns.ext_name)))
[INFO] [stderr]     File "/opt/rustwide/cargo-home/registry/src/github.com-1ecc6299db9ec823/xcb-0.8.2/rs_client.py", line 114, in writeout
[INFO] [stderr]       with open(path, 'w') as f:
[INFO] [stderr]   OSError: [Errno 30] Read-only file system: '/opt/rustwide/cargo-home/registry/src/github.com-1ecc6299db9ec823/xcb-0.8.2/src/ffi/composite.rs'
[INFO] [stderr]   thread 'main' panicked at 'processing of /opt/rustwide/cargo-home/registry/src/github.com-1ecc6299db9ec823/xcb-0.8.2/xml/composite.xml returned non-zero (1)', /opt/rustwide/cargo-home/registry/src/github.com-1ecc6299db9ec823/xcb-0.8.2/build.rs:75:17
[INFO] [stderr]   stack backtrace:
[INFO] [stderr]      0:     0x55e08816cb05 - backtrace::backtrace::libunwind::trace::h5e2646fa3eddf2ea
[INFO] [stderr]                                  at /cargo/registry/src/github.com-1ecc6299db9ec823/backtrace-0.3.46/src/backtrace/libunwind.rs:86
[INFO] [stderr]      1:     0x55e08816cb05 - backtrace::backtrace::trace_unsynchronized::hb95dd7f77ce47877
[INFO] [stderr]                                  at /cargo/registry/src/github.com-1ecc6299db9ec823/backtrace-0.3.46/src/backtrace/mod.rs:66
[INFO] [stderr]      2:     0x55e08816cb05 - std::sys_common::backtrace::_print_fmt::h5e71b67af43fd70d
[INFO] [stderr]                                  at src/libstd/sys_common/backtrace.rs:78
[INFO] [stderr]      3:     0x55e08816cb05 - <std::sys_common::backtrace::_print::DisplayBacktrace as core::fmt::Display>::fmt::hdb4a83d2b61107e5
[INFO] [stderr]                                  at src/libstd/sys_common/backtrace.rs:59
[INFO] [stderr]      4:     0x55e08818ea5c - core::fmt::write::ha20e7262fa3e8a7a
[INFO] [stderr]                                  at src/libcore/fmt/mod.rs:1076
[INFO] [stderr]      5:     0x55e08816a0e2 - std::io::Write::write_fmt::h1aebfe8a5a79e36d
[INFO] [stderr]                                  at src/libstd/io/mod.rs:1537
[INFO] [stderr]      6:     0x55e08816ef70 - std::sys_common::backtrace::_print::h9c07314cc66ba539
[INFO] [stderr]                                  at src/libstd/sys_common/backtrace.rs:62
[INFO] [stderr]      7:     0x55e08816ef70 - std::sys_common::backtrace::print::hd1fd65f49a2d8544
[INFO] [stderr]                                  at src/libstd/sys_common/backtrace.rs:49
[INFO] [stderr]      8:     0x55e08816ef70 - std::panicking::default_hook::{{closure}}::h222da46485ab36fc
[INFO] [stderr]                                  at src/libstd/panicking.rs:198
[INFO] [stderr]      9:     0x55e08816ecbc - std::panicking::default_hook::hc5868949d129ed00
[INFO] [stderr]                                  at src/libstd/panicking.rs:217
[INFO] [stderr]     10:     0x55e08816f5b3 - std::panicking::rust_panic_with_hook::h26a6ab8b0993c0c8
[INFO] [stderr]                                  at src/libstd/panicking.rs:526
[INFO] [stderr]     11:     0x55e08816f1ab - rust_begin_unwind
[INFO] [stderr]                                  at src/libstd/panicking.rs:437
[INFO] [stderr]     12:     0x55e08816f11b - std::panicking::begin_panic_fmt::h2ff295231415d4a6
[INFO] [stderr]                                  at src/libstd/panicking.rs:391
[INFO] [stderr]     13:     0x55e088158cbd - build_script_build::main::{{closure}}::h16223fa68aec5131
[INFO] [stderr]                                  at /opt/rustwide/cargo-home/registry/src/github.com-1ecc6299db9ec823/xcb-0.8.2/build.rs:75
[INFO] [stderr]     14:     0x55e08815798c - build_script_build::visit_xml::h2adce5e38684174a
[INFO] [stderr]                                  at /opt/rustwide/cargo-home/registry/src/github.com-1ecc6299db9ec823/xcb-0.8.2/build.rs:20
[INFO] [stderr]     15:     0x55e0881580b5 - build_script_build::main::hbf6b5f61ffd9df00
[INFO] [stderr]                                  at /opt/rustwide/cargo-home/registry/src/github.com-1ecc6299db9ec823/xcb-0.8.2/build.rs:56
[INFO] [stderr]     16:     0x55e08815a64b - std::rt::lang_start::{{closure}}::ha62a33b81c86d66c
[INFO] [stderr]                                  at /rustc/cfbc6d4cf1acbac5c025acf8ed68929caa551df3/src/libstd/rt.rs:67
[INFO] [stderr]     17:     0x55e08816f983 - std::rt::lang_start_internal::{{closure}}::h84a998219831fa70
[INFO] [stderr]                                  at src/libstd/rt.rs:52
[INFO] [stderr]     18:     0x55e08816f983 - std::panicking::try::do_call::he8e1d689a3e26def
[INFO] [stderr]                                  at src/libstd/panicking.rs:348
[INFO] [stderr]     19:     0x55e08816f983 - std::panicking::try::h264b6eebc2fa7bbf
[INFO] [stderr]                                  at src/libstd/panicking.rs:325
[INFO] [stderr]     20:     0x55e08816f983 - std::panic::catch_unwind::hbf28fafa723b2128
[INFO] [stderr]                                  at src/libstd/panic.rs:394
[INFO] [stderr]     21:     0x55e08816f983 - std::rt::lang_start_internal::he959aa59bc3ec202
[INFO] [stderr]                                  at src/libstd/rt.rs:51
[INFO] [stderr]     22:     0x55e08815a627 - std::rt::lang_start::h74613e66e4f86a4b
[INFO] [stderr]                                  at /rustc/cfbc6d4cf1acbac5c025acf8ed68929caa551df3/src/libstd/rt.rs:67
[INFO] [stderr]     23:     0x55e088158d6a - main
[INFO] [stderr]     24:     0x7f6d700530b3 - __libc_start_main
[INFO] [stderr]     25:     0x55e08815718e - _start
[INFO] [stderr]     26:                0x0 - <unknown>
[INFO] [stderr] warning: build failed, waiting for other jobs to finish...
[INFO] [stdout] error[E0713]: borrow may still be in use when destructor runs
[INFO] [stdout]    --> /opt/rustwide/cargo-home/registry/src/github.com-1ecc6299db9ec823/gfx-hal-0.1.0/src/command/render_pass.rs:232:36
[INFO] [stdout]     |
[INFO] [stdout] 189 | impl<'a, B: Backend> RenderPassInlineEncoder<'a, B> {
[INFO] [stdout]     |      -- lifetime `'a` defined here
[INFO] [stdout] ...
[INFO] [stdout] 232 |         RenderPassSecondaryEncoder(self.0.cmb)
[INFO] [stdout]     |         ---------------------------^^^^^^^^^^- returning this value requires that `*self.0.cmb` is borrowed for `'a`
[INFO] [stdout] 233 |     }
[INFO] [stdout]     |     - here, drop of `self` needs exclusive access to `*self.0.cmb`, because the type `command::render_pass::RenderPassInlineEncoder<'_, B>` implements the `Drop` trait
[INFO] [stdout] 
[INFO] [stdout] 
[INFO] [stdout] error[E0713]: borrow may still be in use when destructor runs
[INFO] [stdout]    --> /opt/rustwide/cargo-home/registry/src/github.com-1ecc6299db9ec823/gfx-hal-0.1.0/src/command/render_pass.rs:308:62
[INFO] [stdout]     |
[INFO] [stdout] 262 | impl<'a, B: Backend> RenderPassSecondaryEncoder<'a, B> {
[INFO] [stdout]     |      -- lifetime `'a` defined here
[INFO] [stdout] ...
[INFO] [stdout] 308 |             RenderPassInlineEncoder(RenderSubpassCommon::new(self.0))
[INFO] [stdout]     |             -------------------------------------------------^^^^^^-- returning this value requires that `*self.0` is borrowed for `'a`
[INFO] [stdout] 309 |         }
[INFO] [stdout] 310 |     }
[INFO] [stdout]     |     - here, drop of `self` needs exclusive access to `*self.0`, because the type `command::render_pass::RenderPassSecondaryEncoder<'_, B>` implements the `Drop` trait
[INFO] [stdout] 
[INFO] [stdout] 
[INFO] [stdout] error: aborting due to 2 previous errors
[INFO] [stdout] 
[INFO] [stdout] 
[INFO] [stdout] For more information about this error, try `rustc --explain E0713`.
[INFO] [stdout] 
[INFO] [stderr] error: build failed
[INFO] running `Command { std: "docker" "inspect" "61141e3f913fbe90c1527ddc46d9eb49f18df5b8bac39d0523bc4f73b55bb0dd", kill_on_drop: false }`
[INFO] running `Command { std: "docker" "rm" "-f" "61141e3f913fbe90c1527ddc46d9eb49f18df5b8bac39d0523bc4f73b55bb0dd", kill_on_drop: false }`
[INFO] [stdout] 61141e3f913fbe90c1527ddc46d9eb49f18df5b8bac39d0523bc4f73b55bb0dd
